of k?
1
Let f(s) = -s**3 - 10*s**2 + 12*s + 15. Let w be f(-11). What is the tens digit of w/10 + (-512)/(-20)?
2
Let j(i) = i**2 + i - 37. Let u be j(0). Let p = u + 57. Suppose -10*t = -6*t - p. What is the units digit of t?
5
Suppose -12*c + 10026 = 6*c. What is the hundreds digit of c?
5
Let p(c) = 2*c**3 - 39*c**2 + 20*c + 21. What is the units digit of p(19)?
0
Suppose 3*z = -5*x - 150, 0*x = -2*x. Let q be (-180)/120*(-20)/6*-1. What is the tens digit of (-2)/q - 2830/z?
5
Let t = 150 - 92. Suppose -o = -f + 35, 4*f = 2*f - 4*o + t. What is the tens digit of f?
3
Let w(l) = 907*l - 8. What is the tens digit of w(5)?
2
Let s(x) = x**3 - 12*x**2 + 13*x - 16. Let u be s(11). Let k be 4/2*(-3)/u. Let g(n) = -8*n + 1. What is the units digit of g(k)?
9
Let r(m) = -m - 8. Let z be r(0). Let l be (-18)/z - 1/4. Suppose h + 28 = l*s, 2*h + 43 = -0*s + 3*s. What is the tens digit of s?
1
Let g(p) = p**3 + 3*p**2 - 11*p + 1. Let q be g(3). Suppose 3*f + f - 34 = -2*r, 0 = 4*f + r - 33. Let t = q - f. What is the units digit of t?
4
Suppose 3*u - 3 = -12. Let b be u - -1 - 404/(-2). Suppose -4*q + b = 20. What is the tens digit of q?
4
What is the hundreds digit of 30/(-15) - 395/(2/(-2))?
3
Let k be 42/9 + (24/9)/(-4). Suppose k*q + 3*x = 56, 2*q + 5*x - 14 = -0*q. What is the tens digit of q?
1
Suppose -54140 = 2*t - 22*t. What is the tens digit of t?
0
Let y(h) = -h**3 - 8*h**2 + h + 12. Let r be y(-8). Suppose t - 6*t = -p, -t - 19 = -r*p. What is the tens digit of 26/13 + 14*t?
1
Let c = 15 + -11. Suppose -4*x - x - 1 = w, 0 = 5*w - c*x - 53. What is the units digit of w?
9
Let h(k) = k**3 + 21*k**2 - 30*k - 30. What is the units digit of h(-21)?
0
Let c = -4356 + 7411. What is the units digit of c?
5
Suppose 0 = 8*x + 1308 - 7620. What is the tens digit of x?
8
Let x = 30 - 28. Suppose 5*o - d = 74, x*o - 30 - 2 = d. What is the tens digit of o?
1
Let s = 1965 + -1324. What is the tens digit of s?
4
Suppose 10 + 10 = -5*n. Let t be (n*(3 - 2))/(-1). Suppose s = t*s - 72. What is the tens digit of s?
2
Let l(n) = -n**2 + 10*n - 9. Let z be l(9). Suppose z = 5*m - 95. What is the tens digit of m?
1
Let r be ((2 + -3847)/(-5))/(-1). Let g = r - -515. Let h = -171 - g. What is the tens digit of h?
8
Suppose 22 - 22 = 3*j. Let v(t) = t**3 + 59. What is the units digit of v(j)?
9
Let p be -260 + -5 + 1 + -4. Let j = p + 492. Suppose 0*x + j = 4*x. What is the tens digit of x?
5
Let h(j) = 3*j**2 - 4*j + 4. Let w be h(2). Suppose -5*g = -5*p + 30, -p = -4*g + 2 - w. What is the units digit of p?
6
Suppose 4 - 20 = u. Let w = -1 + -3. What is the units digit of 9/w*u/6?
6
Let u = 111 - -277. What is the units digit of u?
8
Let c(t) be the second derivative of -3*t**5/20 - 3*t**4/4 - t**3/3 + 7*t**2/2 + 8*t. What is the units digit of c(-4)?
3
What is the units digit of 273/15*(-6 - -11)?
1
Suppose 64393 = 20*u - 5767. What is the thousands digit of u?
3
Let u(p) = 7*p - 16. Let l be u(16). Suppose 5*o = -5*h + 40, -h + 4*o - 10 = -o. Suppose -2*c + 58 = -4*r, -h*c + 33 + l = -2*r. What is the tens digit of c?
2
Suppose 1071 = -5*i + 10*i - y, -i + 2*y + 207 = 0. What is the hundreds digit of i?
2
Suppose -11*i + 1320 = -9*i. What is the hundreds digit of i?
6
Let n be (-2)/7 + 528/(-14). Let h(z) = 2*z + 7. Let u be h(-5). What is the tens digit of (-12)/(-4)*n/u?
3
Let b(n) = n**2 - 12*n + 14. Let p be b(10). Let s be (6/(-4))/(p/8). Suppose 39 = h + s*h. What is the units digit of h?
3
Suppose 2*t = -2*x + x + 489, 486 = x - t. What is the hundreds digit of x?
4
Let g(j) = 380*j - 318. What is the hundreds digit of g(11)?
8
Let l be 272/28 + (-8)/(-28). Suppose 5*u - l = -2*g, 5 = 2*u - 5*u + g. Suppose 2*z - 7*z + 30 = u. What is the units digit of z?
6
Suppose -2*s = -4*s + 6. Suppose 3*z + 3 = 0, -s*p - 5*z = 2*p - 5. What is the units digit of 3 + (-3 - -2) + p?
4
Let j(o) = -3*o**3 + 3*o + 6. Let q be j(-2). Let l = q + 59. What is the tens digit of l?
8
What is the hundreds digit of -1*(6/(-4))/((-29)/(-15718))?
8
Let y(c) = c**2 - 7*c + 8. Let n be y(4). Let h = n + 29. What is the units digit of h?
5
Let l(y) = -7*y + 5*y**3 + 9*y**2 - 6*y**3 - y**2 - 1. Suppose 5*s - 107 = -77. What is the tens digit of l(s)?
2
Suppose -2*q = -4*s + 7754, -3*q + 9694 = 5*s - 7*q. What is the tens digit of s?
3
Let r(j) = j**2 + 8*j + 5. Let f be r(-7). Let n(u) = -2*u**2 - 4*u + 1. Let s be n(f). What is the tens digit of (4/(-6))/(s/(-24))?
1
Suppose -2*a + 2 - 40 = 0. Let l = 129 + a. What is the hundreds digit of l?
1
Suppose 6*o - 9*o = 4*p - 17652, 0 = -3*p + 5*o + 13210. What is the thousands digit of p?
4
Suppose 2*u - 14 = -5*m - 67, -11 = 3*m - 4*u. Let a(x) be the first derivative of x**3/3 + 3*x**2/2 + 3*x + 2. What is the tens digit of a(m)?
5
Suppose 2*t + 10041 = 2*c + 7*t, t + 25062 = 5*c. What is the thousands digit of c?
5
Let t(y) = -y**3 - y**2. Let z be t(-1). Let v = -185 + 187. Suppose l = -z*l + v. What is the units digit of l?
2
Let p be 34/8 - (-3)/4. What is the tens digit of -1 + 51 - (-2 + p)?
4
Let h = 19 - 15. Let g(f) = -f**3 + 5*f**2 - 6*f + 4. Let k be g(h). Let o(v) = -v + 3. What is the units digit of o(k)?
7
What is the units digit of (50/(-20))/(15/(-22716))*1?
6
Suppose 0 = -2*s + 12 - 6. Suppose 3*g + 9*i - 6*i = 75, 0 = -g + s*i + 9. What is the units digit of g?
1
Suppose 2*w - 383 = 5*b, -2*b = -3*w - 0*b + 569. Suppose 42 + w = i + 5*a, -2*i + 462 = -2*a. What is the units digit of i?
1
Suppose 9450 = 22*a - 12*a. What is the tens digit of a?
4
What is the thousands digit of ((-78)/(-195))/(4/11170)?
1
Let z(k) = 15*k**2 + 7*k - 3. Let w be z(3). Suppose w + 272 = 5*y. Suppose 4*s - y = -s. What is the tens digit of s?
1
Let a(t) = -t**2 - 27*t - 1. Let n be a(-14). What is the units digit of 3/(-9) + n/3?
0
Suppose 0 = 4418*t - 4416*t - 5002. What is the tens digit of t?
0
What is the hundreds digit of 4*((-3175)/200)/(2/(-4))?
1
Let m(a) = -6*a - 2. Let p be m(-1). Suppose -l = -u + 320, 2*l - 3*u - 615 = p*l. What is the tens digit of (l/(-14))/((-3)/(-4))?
3
Let g = -31 + 27. What is the units digit of g/(-6)*(-837)/(-18)?
1
Let l(d) = 17 - 7 + 0 + d + 8. Let v be l(-14). What is the tens digit of (23 + v - 0) + 2?
2
Suppose -12*l + 179 - 35 = 0. What is the units digit of l?
2
Suppose -4162 = 4*t - 582. What is the tens digit of (-1)/(-4 - t/225)?
4
Suppose -f = -4092 + 3848. What is the tens digit of f?
4
Let o = 8699 - 13410. What is the tens digit of (-1)/6 + o/(-42)?
1
Suppose -2*k - 59 = 5*h, -k - 57 = 3*h + 2*h. Let r be 4/(-3 - h)*8. Suppose -28 = -r*x + 52. What is the tens digit of x?
2
Let q(k) = 2*k**2 + 36*k - 31. What is the hundreds digit of q(32)?
1
Let b = 96 + -78. What is the units digit of b?
8
What is the units digit of (2/4)/((-4)/(-4160))?
0
Suppose 4*a = 3*q + 1410, -a - 2*a + 1057 = -2*q. What is the units digit of a?
1
Let y(b) be the third derivative of -7*b**5/15 + b**4/12 + b**3/6 - 4*b**2. Let z be y(-2). What is the tens digit of z/(-9) - (-8)/36?
1
What is the hundreds digit of (4 + 3896/(-20))/((-2)/5)?
4
Let w be (5/(-3))/((-1)/3). Suppose -15 - 11 = -y - 5*j, w*y - 2*j = -5. Let s(n) = 25*n**3. What is the units digit of s(y)?
5
Suppose -2*k = f + 2, -5*f = -f - 3*k + 19. What is the tens digit of (f/20 - (-27)/(-15))*-23?
4
Let u(z) = z**3 + 19*z**2 + 27*z + 19. What is the tens digit of u(-16)?
5
Let b = -2705 + 4428. What is the tens digit of b?
2
Let o = 47 - 24. Let a = o - 16. What is the units digit of 4/6*(a - -2)?
6
Let m = 1288 - 526. What is the tens digit of m?
6
Let r(v) = 6*v + 22. Let x be r(-3). Suppose 224 = f + x*u - 2*u, 0 = 3*f - 2*u - 640. What is the hundreds digit of f?
2
Suppose -5*r = -m + 30, 7 + 97 = 3*m - r. Suppose -2176 = -11*k + m. What is the tens digit of k?
0
Suppose 126 = 5*r + 5*l - 139, 5*r = 3*l + 289. Let d be (-6)/(-9)*-3 + 7. Suppose 0*a - d*a = 5*t - 80, -t - r = -5*a. What is the tens digit of a?
1
Let a = 18 - 16. Suppose a*t - 4*t + 122 = 0. What is the tens digit of t?
6
Let m(d) = -2*d**3 + 3*d**2 + d + 3. Suppose 3*i + 4*y = -26 + 7, -3*i - 7 = y. Let j be 1*(i + -1) - 1. What is the units digit of m(j)?
1
Let z(o) = o - 5. Let q be z(7). Suppose -2*i = -3*i - q. What is the units digit of 6/(-9)*45/i?
5
Let d(v) = 4*v - 1